{"id":1008,"date":"2019-03-07T21:04:59","date_gmt":"2019-03-08T00:04:59","guid":{"rendered":"https:\/\/itscerrito-ers.infd.edu.ar\/sitio\/?page_id=1008"},"modified":"2024-03-07T21:10:39","modified_gmt":"2024-03-08T00:10:39","slug":"cuadernillo-del-estudiante","status":"publish","type":"page","link":"https:\/\/itscerrito-ers.infd.edu.ar\/sitio\/cuadernillo-del-estudiante\/","title":{"rendered":"Cuadernillo del Estudiante"},"content":{"rendered":"<p><a href=\"https:\/\/drive.google.com\/file\/d\/1BZyra962oI-7gdDbbn4DaL87se3rQhkM\/view?usp=drive_link\">Cuadernillo Ciclo introductorio 2024 Profesorado Educaci\u00f3n Primaria<\/a><br \/>\n<a href=\"https:\/\/drive.google.com\/file\/d\/18LOs8q72hII-wzGvB21lzCNYa93omNou\/view?usp=drive_link\">Cuadernillo Ciclo introductorio 2024 Profesorado Educaci\u00f3n Especial<\/a><br \/>\n<a href=\"https:\/\/drive.google.com\/file\/d\/1ty1roxL4XJJO_MlLWTfLLY9AjZ-rHa_u\/view?usp=drive_link\">Cuadernillo Ciclo introductorio 2024 Tecnicatura Superior en Agroecolog\u00eda<\/a><\/p>\n","protected":false},"excerpt":{"rendered":"<p>Cuadernillo Ciclo introductorio 2024 Profesorado Educaci\u00f3n Primaria Cuadernillo Ciclo introductorio 2024 Profesorado Educaci\u00f3n Especial Cuadernillo Ciclo introductorio 2024 Tecnicatura Superior en Agroecolog\u00eda<\/p>\n","protected":false},"author":23,"featured_media":0,"parent":0,"menu_order":0,"comment_status":"closed","ping_status":"closed","template":"","meta":[],"acf":[],"_links":{"self":[{"href":"https:\/\/itscerrito-ers.infd.edu.ar\/sitio\/wp-json\/wp\/v2\/pages\/1008"}],"collection":[{"href":"https:\/\/itscerrito-ers.infd.edu.ar\/sitio\/wp-json\/wp\/v2\/pages"}],"about":[{"href":"https:\/\/itscerrito-ers.infd.edu.ar\/sitio\/wp-json\/wp\/v2\/types\/page"}],"author":[{"embeddable":true,"href":"https:\/\/itscerrito-ers.infd.edu.ar\/sitio\/wp-json\/wp\/v2\/users\/23"}],"replies":[{"embeddable":true,"href":"https:\/\/itscerrito-ers.infd.edu.ar\/sitio\/wp-json\/wp\/v2\/comments?post=1008"}],"version-history":[{"count":6,"href":"https:\/\/itscerrito-ers.infd.edu.ar\/sitio\/wp-json\/wp\/v2\/pages\/1008\/revisions"}],"predecessor-version":[{"id":2381,"href":"https:\/\/itscerrito-ers.infd.edu.ar\/sitio\/wp-json\/wp\/v2\/pages\/1008\/revisions\/2381"}],"wp:attachment":[{"href":"https:\/\/itscerrito-ers.infd.edu.ar\/sitio\/wp-json\/wp\/v2\/media?parent=1008"}],"curies":[{"name":"wp","href":"https:\/\/api.w.org\/{rel}","templated":true}]}}